-5) - (-22)/330) + 57928/12?
8
Let q = 17410 + -10267. What is the units digit of q?
3
Let z = -815 - -785. What is the units digit of ((-5020)/z)/(2/21)?
7
Let r(w) = -w**3 - 66*w**2 + 27*w - 753. What is the hundreds digit of r(-69)?
6
Let i = -73 - -53. Let v = i + 22. What is the tens digit of -4*v*17/(-8) + 0?
1
Let c = -956 - -3887. What is the hundreds digit of c?
9
Let p(y) = -5*y - 25. Let q be p(-6). Suppose -3*n - 790 = q*l, 77 = -5*n - 4*l - 1257. Let c = -148 - n. What is the tens digit of c?
2
Let f(p) be the first derivative of 5*p**4/2 - p**3/3 - 2*p**2 + 4*p + 78. Let b(t) = 2*t**2 + 3*t. Let g be b(-2). What is the tens digit of f(g)?
7
Let k = -13 + 20. Suppose k*w = 10*w - 621. What is the units digit of w?
7
Let p = -3340 - -4756. What is the units digit of p?
6
Suppose -195*f - 180*f + 15044250 = 0. What is the hundreds digit of f?
1
Suppose 0 = g + 3*z + 10 - 2, -1 = z. Let s be (-9)/5*g/3. Suppose -5*h + 600 = -j + 6*j, s*h - 4*j - 360 = 0. What is the units digit of h?
0
Let j be (-11)/(-2) - (-1)/2. Let f(t) = 3*t**2 + 108*t + 1560. Let p be f(-21). Suppose -p = 3*n - j*n. What is the hundreds digit of n?
2
Let k = 20122 - -20398. What is the ten thousands digit of k?
4
Suppose -3*i - 3*x = 9, -6*x + 3*x - 5 = 5*i. Suppose 0 = 2*o + 2*a - 1674, i*o + 28*a - 1704 = 32*a. What is the tens digit of o?
4
Let n(l) be the second derivative of l**5/10 - 13*l**4/12 + 10*l**3/3 + 7*l**2 + 7*l + 8. What is the units digit of n(9)?
9
Suppose 7*t + 8*t = 195. What is the units digit of (5 + t)/(-3) + 134?
8
Let k = -622 + 122. What is the hundreds digit of 7/(-1)*(-19)/((-76)/k)?
8
Let g(u) = u**2 - 14*u - 20. Let l be g(16). Suppose l*r + 21 = 19*r. Suppose 3*j = r*b - 21, -3*j = 2*b - 4*b + 18. What is the units digit of b?
3
Suppose 26*k - 118350 = 61570. What is the tens digit of k?
2
Let g be (1 - -3) + 2 + -4. Suppose 2*h - 7 = 5*q + 3, g*h = 0. What is the units digit of (-1121)/38*q/1?
9
Let m = 7955 + -4810. Suppose 10*y - 11225 = m. What is the tens digit of y?
3
What is the tens digit of (44/33)/((-28)/(-89565))?
6
Let b(y) = -41*y - 10. Let x be b(-16). Let c = x + -98. What is the tens digit of c?
4
Suppose 5*a + 5*n - 24580 = 0, -2*n - 8064 = -4*a + 11624. Suppose -2*c + a = -x - 3*x, 4*x = 8. Suppose 16*i = -c + 6320. What is the hundreds digit of i?
2
Let u be (-1 + -3)*200/(-160). Suppose 0 = 3*r + u*r - 4752. What is the units digit of r?
4
Let u = 228 - 224. Suppose 421 = 2*d - 2*m + m, -4*m = -u*d + 852. What is the hundreds digit of d?
2
Let z(t) = 853*t**2 + 12*t - 199. What is the hundreds digit of z(-6)?
4
Let a = -48555 + 82605. What is the units digit of a?
0
Let o = -15276 + 22237. What is the thousands digit of o?
6
Let i(c) = 1 + 1 + 8 + 33 - 15*c. What is the tens digit of i(-18)?
1
Let q = 783 - 2172. Let x = q + 1969. What is the units digit of x?
0
Suppose -8*j = -17*j + 99. Suppose j*t - 9*t - 69 = 3*w, 0 = 2*t - 2*w - 66. What is the units digit of t?
0
Let o = 67322 + -27057. What is the units digit of o?
5
Suppose 24*x - 146243 = 114037. What is the tens digit of x?
4
Let d = 278 - 273. Suppose d*q - 5384 - 521 = 0. What is the units digit of q?
1
Let q(w) = -212*w + 1365. What is the tens digit of q(3)?
2
Let l(y) = 153*y + 74. Let r(v) = -v**3 - 8*v**2 + 11*v + 25. Let s be r(-9). What is the hundreds digit of l(s)?
1
Suppose -5*g - 5*d + 56027 = 6142, -3*d + 9985 = g. What is the thousands digit of g?
9
Let d = 1343 + -541. Let q = 1408 - d. What is the hundreds digit of q?
6
Let d = 4 + 2. Suppose d = c + 1. Suppose 4*g = -c*o + 608, g = -2*g + 5*o + 421. What is the hundreds digit of g?
1
What is the units digit of 6*(-6)/(-9) + 9 + 2 + 2122?
7
Suppose 2*u + u - 12 = -4*q, q = -4*u + 3. Let n(t) = -3*t - 28. Let y(z) = 2*z + 29. Let h(i) = 3*n(i) + 4*y(i). What is the units digit of h(u)?
2
Suppose 0 = 4*x - 127 + 43. Let i = -19 + x. Let h(w) = 2*w**3 + 2*w**2 - 3*w - 2. What is the units digit of h(i)?
6
Suppose -3*z + 2*k = 526, -k - 860 = 5*z + 4*k. What is the units digit of (z*9/45)/((-2)/5)?
7
Let i be (-2 - 3)*-1 - 898. Let b = -451 - i. What is the units digit of b?
2
Let k(r) = r**2 - 23. Let a be k(-5). Let i(q) = 88*q**3 + 5*q**2 - 7*q + 5. What is the tens digit of i(a)?
1
Let y = 944 - 925. Suppose -q + 331 = -3*d, 0 = y*q - 15*q - 4*d - 1356. What is the tens digit of q?
4
What is the ten thousands digit of -1 - 2243*-6 - (197 + -190)?
1
Let d = -58058 + 83088. What is the thousands digit of d?
5
Let q be (1 + 64/(-80))*(-1 - -1). Suppose -42*x + 43*x - 1339 = q. What is the tens digit of x?
3
Let r = 41845 - 10537. What is the hundreds digit of r?
3
Let j(z) = 159*z + 1099. What is the units digit of j(34)?
5
Let h = 10876 + -7055. Suppose h - 11612 = -21*d. What is the hundreds digit of d?
3
Suppose 104868 = 4*y + 4*q, 2*y + 9*q - 10*q - 52434 = 0. What is the units digit of y?
7
Let a = 69 - 64. Suppose -6 = a*u - 106. Let b = 73 + u. What is the units digit of b?
3
Suppose 5*k + 0 = 40. Let n be ((12/k)/(-3))/((-2)/12). Suppose 0 = -n*u - 4*q + 738, -u + 5*u - 984 = q. What is the hundreds digit of u?
2
What is the tens digit of ((-21)/(-6))/((-38)/(-76)) - -30078?
8
What is the thousands digit of (1/(-3))/(-3 - 1066646/(-355551))?
6
Suppose -11*g + 128 = -14*g + 5*b, -4*b + 127 = -3*g. Let m be (-1)/((-45)/(-46) + -1). Let c = m + g. What is the units digit of c?
5
Suppose 0 = -6*g - 65 - 739. Let w = g + 188. What is the tens digit of w?
5
Suppose -301188 = 78*l - 116*l. What is the thousands digit of l?
7
Suppose -34*v + 156877 = -718453. What is the units digit of v?
5
Let y = -12 + 26. Suppose -5*o = y*o - 24035. What is the tens digit of o?
6
Suppose -4 = -o + 1. Let t = 1761 - 1757. Suppose -o*a = i - 146, 4*a - 3*i + t*i - 116 = 0. What is the tens digit of a?
3
Let s = 927 + -1555. Let i = 773 - s. What is the units digit of i?
1
What is the tens digit of (11679/68)/((-15)/260)*-10?
7
Let k(n) = -n**3 + 7*n**2 + 10*n - 8. Let q = 157 + -151. What is the units digit of k(q)?
8
Let i(n) = n + 20. Let p(q) = 29*q + 3. Let l be p(4). Suppose 2 = 9*m + l. What is the units digit of i(m)?
7
Suppose 59 = -3*m - 190. Let a = m - -189. What is the units digit of a?
6
Suppose 3*s + 89 = 320. Let a = s - 59. Let k(p) = 5*p + 10. What is the units digit of k(a)?
0
Suppose -5*v + a + 96296 = 16035, 2*v = -3*a + 32101. What is the hundreds digit of v?
0
Suppose 3*k - 4*k - 3*j = -2671, 5*k - 2*j - 13270 = 0. Suppose 10*p = 2*p + k. What is the units digit of p?
2
Let n(o) = -1760*o + 73. What is the thousands digit of n(-13)?
2
What is the tens digit of 28/98 + (362/28)/(3/8412)?
5
Let l(w) = -w**2 + 12*w - 30. Let z be l(9). Let j be 4/6*z*1. What is the tens digit of 92 + ((-6)/3 - j)?
9
Let p(k) = -2*k**3 - 49*k**2 - 56*k + 22. Let a be p(-23). Let n = a + 470. What is the hundreds digit of n?
1
What is the tens digit of 12765/8 + (-75)/(-200)?
9
Suppose 12*f + 51*f - 23373 = 0. What is the hundreds digit of f?
3
Let r(y) = 2*y - 14. Let g be r(8). Let z be 3/(g + 15/(-12)). Suppose 0 = -z*l - 2 + 142. What is the tens digit of l?
3
Suppose -20 = 5*y - 4*w, 0*w + 5*w - 25 = -5*y. Suppose 301 = 5*f - 4*s, y*f = -f + 4*s + 57. Let p = -31 + f. What is the units digit of p?
0
Let u = -88 + 43. What is the units digit of (-120)/u*210/4?
0
Suppose -16429 = -4*x + 3*i, -41*i = 4*x - 38*i - 16435. What is the units digit of x?
8
Suppose 11*w + 184223 = 48*w. What is the hundreds digit of w?
9
Let s = 1564 - -34134. What is the thousands digit of s?
5
Suppose 3*f - 40019 = -5*r, -r = 113*f - 112*f - 8005. What is the hundreds digit of r?
0
Let s = -84 + 119. Suppose -565 = 30*b - s*b. What is the units digit of b?
3
Let a = 498 + -965. Let r = -342 - a. What is the hundreds digit of r?
1
Let f be (-152046)/(-13) - (-28)/182. Suppose -54*g + 20*g = -f. What is the hundreds digit of g?
3
Let v(o) = -19*o**3 - 14*o**2 - 32*o - 12. What is the units digit of v(-7)?
3
Suppose -y + 4*r + 1857 = -5253, 0 = 2*y + 12*r - 14260. What is the hundreds digit of y?
1
Let u be (-2 + 3/9)/(87/261). Let s(m) = -9*m - 3*m - 22 - 22*m. What is the hundreds digit of s(u)?
1
Let y(f) = -f**3 - 4*f**2 - 4*f - 12. Let r be y(-4). What is the units digit of r/34 + 1113/(-357) + 10?
7
What is the te